21)/(-2) + 5 + p/2 composite?
True
Suppose 1198 = 4*g - 706. Let z = 431 + g. Is z composite?
False
Let t(j) = -235*j - 27. Let p(q) = -157*q - 18. Let w(b) = -7*p(b) + 5*t(b). Suppose f - 2*n = 3, 5*f - 12*n = -8*n - 9. Is w(f) a prime number?
False
Let o(k) be the first derivative of 451*k**4/4 - 4*k**3/3 + 3*k**2/2 - k - 105. Is o(3) composite?
False
Let s be (2 - (-3)/(-6))/(6/(-4)). Is (2920/(-6) + -7)/(s/3) a composite number?
False
Let p = -32 - -46. Let v be (-8)/p - 60/(-7). Is (225 - v) + 1*-2 prime?
False
Let q(f) = -1 - 26*f**2 + 3*f**3 + 28*f**2 + 23*f - 6. Is q(6) composite?
True
Let v(q) = -4*q**3 + 7*q**2 - 6*q + 60. Let h(g) = g**3 - 2*g**2 + 2*g - 20. Let s(r) = 7*h(r) + 2*v(r). Let o be s(0). Is 7795/4 - 5/o a prime number?
True
Let r(d) = 98*d**2 + 20*d - 52. Let h be r(5). Suppose 4*o - 1574 = h. Is o a prime number?
False
Suppose -8*j = -14*j + 288. Is 449/(6/j*8) a composite number?
False
Let x = -461728 + 931685. Is x composite?
False
Let k be 1/(1/6 + 0). Let f(w) = 29*w**3 + 6*w**2 + 6*w - 25. Is f(k) a prime number?
True
Let l be (-3)/2*(-6 + -7 + 11). Suppose 4*z - 25684 = -4*w, -l*w = -2*z - z - 19263. Is w prime?
True
Let p(q) = -28*q + 15. Let m(s) = -s - 1. Suppose 6 = -2*j + 2*d + 2*d, 4*d + 1 = -5*j. Let n(x) = j*p(x) - 5*m(x). Is n(13) a prime number?
True
Suppose 0 = 16*a + 13 + 19. Is (-242865)/(-54) + (1/a - 0) a composite number?
True
Let n = 11162 + -24575. Let b(l) = -2574*l + 74. Let h be b(-8). Let o = h + n. Is o composite?
False
Suppose -3*p - 2*m = -322767, 36*p - 39*p + 2*m + 322779 = 0. Is p a composite number?
True
Suppose -72*n + 2915148 + 2524956 = 0. Is n composite?
False
Let v(i) = -23*i**3 - 26*i**2 + 36*i + 2. Is v(-19) composite?
False
Suppose -6*m = -12*m - 390. Let u = m - -68. Suppose a - 220 = -u*a. Is a prime?
False
Let b(n) = -9686*n + 3438. Is b(-26) a composite number?
True
Let x = -154 + 154. Is (x - 3) + (-3)/3*-3796 composite?
False
Let c = 6557 - 3394. Is c a prime number?
True
Suppose -3*s + 63944 = -41641. Suppose -4*a = a - 5*w - s, 0 = 3*a - w - 21125. Is a a composite number?
False
Suppose -175 = 4*r - 195. Suppose r*x - 3454 = -2*c, 2*c - 4479 + 1049 = x. Is c composite?
True
Let j = 613 - 115. Let o = -12500 + 12309. Let y = j + o. Is y a prime number?
True
Let b(d) be the second derivative of -163*d**5/20 + d**4/12 + 7*d**3/6 + 5*d**2/2 - 11*d. Let v be b(-2). Suppose -3790 = -c - v. Is c a prime number?
False
Suppose -34*y - 280023 = 1233929. Let f = y - -77299. Is f composite?
False
Let r(v) = 4*v - 12 + v**2 - 27 - 9*v. Let y = -4848 - -4822. Is r(y) composite?
True
Suppose -99*y = -105*y + 24. Is 2 + (-10145)/(-20)*y composite?
True
Suppose 133*f - 5556176 - 17811336 + 550431 = 0. Is f a prime number?
False
Let o(f) be the second derivative of 73*f**5/24 + f**4/12 - 2*f**3 - 9*f. Let h(l) be the second derivative of o(l). Is h(3) a composite number?
False
Suppose -w + 4*u + 150629 = 0, 0 = 4*w - 2*u - 395172 - 207372. Is w prime?
False
Let q = -139 + 134. Is q + 654/7 + (-4)/(-7) a prime number?
True
Let p(b) = -5*b**2 - b. Let z be p(1). Let o(f) = 32*f**2 - 32*f - 1. Let s(h) = 16*h**2 - 16*h. Let a(q) = -2*o(q) + 5*s(q). Is a(z) a prime number?
False
Let m be 866 - (15/(-3) - -11). Suppose -6*o - m + 5642 = 0. Is o a prime number?
True
Let l(c) = 6*c**2 + 3*c - 2. Let y = 17 - 22. Let f be l(y). Suppose 4*d = -3*i + f, -2*d + 33 = i - 10. Is i a composite number?
False
Let y = 59913 + 181096. Is y a prime number?
False
Suppose 10*d + 16 = 14*d. Suppose d*v - 815 = -v. Is v a composite number?
False
Let x(s) = 239325*s - 40. Let h be x(4). Suppose 21*o - h = -155123. Is o a prime number?
True
Let p be (-6)/(-30) - (-372)/15. Suppose 313849 = -p*t + 1705374. Is t a prime number?
True
Let i(j) = j**2 - 2*j + 2. Let f be (3 - 4 - 3) + -1 + 1. Let o be ((10 - f)/(-1))/(-2). Is i(o) a composite number?
False
Let f be (-6094)/((-7)/49 - (-18)/(-70)). Let h = f - -310. Is h composite?
True
Let k = 51304 + -36515. Is k composite?
True
Let b(p) = 28*p**3 - 138*p**2 - 8*p - 9. Is b(11) a composite number?
True
Let q(l) = -l**3 - 5*l**2 - 7*l - 7. Let p be q(-4). Suppose 22126 = -z + 5*z - 2*h, z + p*h = 5559. Is z a prime number?
False
Suppose 3*t + 0*t + 11 = 4*z, 3*t + 1 = -z. Let b(l) = 561*l - 3. Let u be b(t). Is u/(3/12*-6) + 1 a prime number?
False
Suppose 4*q - 6231 - 7608 = 5*v, 5*v = -2*q + 6897. Suppose -30920 = -8*n - q. Is n a composite number?
False
Let y be (-6)/27 - (-2529)/81. Let p = y - 29. Suppose 0 = 3*k - p*m - 2029, k + 4*m = -k + 1326. Is k a prime number?
True
Is (-198236)/(-6)*((-20)/(-14) - (-51)/714) a composite number?
False
Let y(s) be the second derivative of -s**3/3 - 17*s**2/2 - 15*s. Let h be y(-6). Let i(x) = -426*x - 35. Is i(h) a prime number?
False
Let k be (-13)/(-4) - (-2)/(-8). Suppose -k*j - 19 = -8*s + 3*s, 3*j = s + 1. Suppose 2*m - 1784 = -5*o + 1033, -5 = -s*m. Is o a composite number?
False
Let u = -32 + 32. Suppose -5*s - 696 = -3*n - 1749, u = -4*s - 3*n + 837. Suppose -20 + s = 5*j. Is j a composite number?
True
Let d(l) = -1509*l + 508. Is d(-33) composite?
True
Suppose -3*j = 8 - 20. Suppose -23*d + 84*d - 109 - 989 = 0. Suppose 2*o - 3*t - 8 = d, -j*o + 64 = -3*t. Is o a prime number?
True
Let g = -162 + 169. Suppose 3303 + 8296 = g*t. Is t a prime number?
True
Suppose -3*y - 14 = -2*y. Let d = y + 15. Is (d - 0)/((-1)/(-1283)) composite?
False
Suppose 0 = 2*x - 4*b - 176882, -4*x - 4*b - b = -353725. Let m = 125106 - x. Is m a composite number?
False
Suppose -2*l + 792 = -628. Let u be (-10)/(-1)*(l/(-4) + 3). Let i = u + 2884. Is i a prime number?
False
Let p = -87662 + 173541. Is p prime?
False
Let s(i) = 5*i**2 + 3*i - 2*i**2 + 3*i**2 - 6*i**3 + 4 + 2*i**2. Let z be s(-6). Is ((-2)/(-4))/(5/z) a composite number?
False
Suppose 7*k - 40 = 3*k. Let t be -13697 + -1 + (27/6)/((-30)/(-20)). Is -2*(t/k + -1) prime?
True
Let x = 149 - 139. Is (1 - x - -5) + 6453 composite?
False
Suppose 1290855 = 41*p - 414663. Let h = p - 16663. Is h a prime number?
False
Let p(a) = 9282*a - 12. Let g be p(2). Suppose g = 6*h + 1194. Is h prime?
False
Let b(m) = 211*m**2 + 9*m - 5. Let c = 127 + -87. Let o = c + -36. Is b(o) composite?
False
Let a = 51144 - 11411. Is a prime?
True
Suppose 0*j - j + 121295 = -508466. Is j a prime number?
False
Let o(c) = 11*c**2 - 8*c. Let x be o(6). Suppose -3*h + 83 = -5*t + 4*t, -3*t - 4*h - 301 = 0. Let v = x + t. Is v composite?
True
Let j(c) = 15*c - 45. Let r be j(5). Suppose r*a - 29*a = 1563. Is a composite?
True
Suppose -20*y + 1184931 = -2455129. Is y composite?
True
Let c be ((280/16)/5 - 0)*8/(-14). Let t(b) be the first derivative of -383*b**2 - 9*b - 2. Is t(c) a prime number?
True
Suppose -24*c = 29*c + 53. Is 1*4 + (c + 0)*-21763 a composite number?
False
Let a(r) = 3*r**2 + 8*r + 4. Let i be a(-2). Suppose 0 = -5*j + 4*l + 1519, 5*j - 5*l - 1566 + 51 = i. Is j a prime number?
True
Let q = 6231 + -2810. Suppose p - q = -2*s - 3*s, -3*p + 10283 = 5*s. Is p composite?
True
Let f = -36548 - -89245. Is f a composite number?
False
Is ((-114)/(-228))/(((-6)/(-849716))/3) a prime number?
False
Let x = 617 - 614. Suppose 2*j - b = 45735, -4*j - x*b = -0*b - 91465. Is j composite?
True
Let m(k) be the third derivative of -32*k**2 - 25/6*k**3 + 0 + 0*k + 23/24*k**4. Is m(22) prime?
False
Let o(h) = 9*h + 6067. Let q = -364 + 364. Is o(q) a prime number?
True
Let n be (-1 - (9 - 5))*6/(-10). Suppose 4*h = 3*d + 1, n*h - 4*d = -0*h - 8. Suppose -h*q = 2*q - 1986. Is q a prime number?
True
Suppose -6*b - 362470 = -11*b - 5*b. Is b a composite number?
True
Let h(v) = 12*v**3 - 9*v**2 - 27*v - 7. Let c be -12*(-10)/840 - 62/(-7). Is h(c) prime?
False
Let g(x) = -17*x**3 + x**2 + x + 4. Let q = -28 + -14. Let y be (6/4)/(21/q). Is g(y) prime?
False
Let f be (3 - 5/5 - -1) + 3. Let t(p) = 213*p - 19. Is t(f) composite?
False
Suppose -2*h - 800797 = -2*b + h, 4*b - 7*h = 1601587. Is b prime?
True
Suppose -4*q - 5*d - 99 = 148, -d - 335 = 5*q. Let f = q - -70. Suppose -1 = 3*z + 14, f*z = -2*j + 4244. Is j composite?
True
Let m(s) = -s**2 + 12*s + 3. Let w(z) = -z. Let l(n) = m(n) + 4*w(n). Let o be l(8). Suppose 124 = a - o*d, -4*d + 226 = 2*a + d. Is a prime?
False
Let b be 1*(7692512/144 - (-4)/(-18)